{"id":39,"date":"2021-03-08T20:13:03","date_gmt":"2021-03-08T20:13:03","guid":{"rendered":"http:\/\/elbe-petro.com\/?page_id=39"},"modified":"2021-03-08T23:10:13","modified_gmt":"2021-03-08T23:10:13","slug":"39-2","status":"publish","type":"page","link":"https:\/\/elbe-petro.com\/?page_id=39","title":{"rendered":"Qui sommes-nous ?"},"content":{"rendered":"<p>[et_pb_section fb_built=\u00a0\u00bb1&Prime; next_background_color=\u00a0\u00bb#ffffff\u00a0\u00bb admin_label=\u00a0\u00bbHero\u00a0\u00bb _builder_version=\u00a0\u00bb4.9.1&Prime; use_background_color_gradient=\u00a0\u00bbon\u00a0\u00bb background_color_gradient_start=\u00a0\u00bb#283d4b\u00a0\u00bb background_color_gradient_end=\u00a0\u00bbrgba(128,103,79,0.5)\u00a0\u00bb background_color_gradient_direction=\u00a0\u00bb1deg\u00a0\u00bb background_color_gradient_overlays_image=\u00a0\u00bbon\u00a0\u00bb background_image=\u00a0\u00bbhttp:\/\/elbe-petro.com\/wp-content\/uploads\/2021\/03\/entete.jpg\u00a0\u00bb custom_margin=\u00a0\u00bb|||\u00a0\u00bb custom_padding=\u00a0\u00bb0vw||0px||false|false\u00a0\u00bb bottom_divider_style=\u00a0\u00bbmountains2&Prime; bottom_divider_repeat=\u00a0\u00bb0.5x\u00a0\u00bb bottom_divider_flip=\u00a0\u00bbhorizontal|vertical\u00a0\u00bb][et_pb_row _builder_version=\u00a0\u00bb3.25&Prime; min_height=\u00a0\u00bb254px\u00a0\u00bb custom_margin=\u00a0\u00bb|||\u00a0\u00bb custom_padding=\u00a0\u00bb27px|0px|0|0px|false|false\u00a0\u00bb][et_pb_column type=\u00a0\u00bb4_4&Prime; _builder_version=\u00a0\u00bb3.25&Prime; custom_padding=\u00a0\u00bb|||\u00a0\u00bb custom_padding__hover=\u00a0\u00bb|||\u00a0\u00bb][et_pb_text _builder_version=\u00a0\u00bb4.9.1&Prime; text_font=\u00a0\u00bb||||||||\u00a0\u00bb header_font=\u00a0\u00bbJosefin Sans|700|||||||\u00a0\u00bb header_font_size=\u00a0\u00bb54px\u00a0\u00bb header_line_height=\u00a0\u00bb1.4em\u00a0\u00bb header_2_font=\u00a0\u00bbJosefin Sans||||||||\u00a0\u00bb header_2_text_color=\u00a0\u00bbrgba(255,255,255,0.6)\u00a0\u00bb header_2_font_size=\u00a0\u00bb32px\u00a0\u00bb header_2_line_height=\u00a0\u00bb1.4em\u00a0\u00bb background_layout=\u00a0\u00bbdark\u00a0\u00bb animation_style=\u00a0\u00bbslide\u00a0\u00bb animation_direction=\u00a0\u00bbright\u00a0\u00bb animation_intensity_slide=\u00a0\u00bb4%\u00a0\u00bb header_font_size_tablet=\u00a0\u00bb50px\u00a0\u00bb header_font_size_phone=\u00a0\u00bb32px\u00a0\u00bb header_font_size_last_edited=\u00a0\u00bbon|desktop\u00a0\u00bb header_2_font_size_tablet=\u00a0\u00bb\u00a0\u00bb header_2_font_size_phone=\u00a0\u00bb24px\u00a0\u00bb header_2_font_size_last_edited=\u00a0\u00bbon|phone\u00a0\u00bb]<\/p>\n<div class=\"row\">\n<div class=\"span12\" data-motopress-type=\"static\" data-motopress-static-file=\"static\/static-title.php\">\n<section class=\"title-section\">\n<h1 class=\"title-header\">Qui sommes-nous ?<\/h1>\n<\/section>\n<\/div>\n<\/div>\n<div id=\"content\" class=\"row\">\n<div class=\"span12\" data-motopress-type=\"loop\" data-motopress-loop-file=\"loop\/loop-page.php\">\n<div id=\"post-7\" class=\"page post-7 type-page status-publish hentry language-fr_fr\">\n<h3>Leader de la r\u00e9duction de l\u2019\u00e9vaporation des fluides stock\u00e9s en cuve<\/h3>\n<\/div>\n<\/div>\n<\/div>\n<p>[\/et_pb_text][\/et_pb_column][\/et_pb_row][\/et_pb_section][et_pb_section fb_built=\u00a0\u00bb1&Prime; custom_padding_last_edited=\u00a0\u00bboff|desktop\u00a0\u00bb admin_label=\u00a0\u00bbService\u00a0\u00bb _builder_version=\u00a0\u00bb3.22&Prime; custom_padding=\u00a0\u00bb71px|0px|0px|0px|false|false\u00a0\u00bb][et_pb_row column_structure=\u00a0\u00bb1_2,1_2&Prime; _builder_version=\u00a0\u00bb3.25&Prime; locked=\u00a0\u00bboff\u00a0\u00bb][et_pb_column type=\u00a0\u00bb1_2&Prime; _builder_version=\u00a0\u00bb3.25&Prime; custom_padding=\u00a0\u00bb|||\u00a0\u00bb custom_padding__hover=\u00a0\u00bb|||\u00a0\u00bb][et_pb_text _builder_version=\u00a0\u00bb4.9.1&Prime; text_font=\u00a0\u00bbOpen Sans||||||||\u00a0\u00bb text_font_size=\u00a0\u00bb17px\u00a0\u00bb text_line_height=\u00a0\u00bb1.8em\u00a0\u00bb header_font=\u00a0\u00bb||||||||\u00a0\u00bb header_2_font=\u00a0\u00bbJosefin Sans|700|||||||\u00a0\u00bb header_2_font_size=\u00a0\u00bb32px\u00a0\u00bb header_2_line_height=\u00a0\u00bb1.5em\u00a0\u00bb header_3_font=\u00a0\u00bbJosefin Sans|700||on|||||\u00a0\u00bb header_3_text_color=\u00a0\u00bbrgba(43,51,68,0.2)\u00a0\u00bb max_width=\u00a0\u00bb700px\u00a0\u00bb custom_margin=\u00a0\u00bb||30px|\u00a0\u00bb custom_padding=\u00a0\u00bb|||\u00a0\u00bb locked=\u00a0\u00bboff\u00a0\u00bb]<\/p>\n<div class=\"span5\">\n<div class=\"service-box service-page-box\">\n<div class=\"service-box_body\">\n<h2 class=\"title\">Filiale d\u2019elb\u00e9 technologies<\/h2>\n<div class=\"service-box_txt\"><span><span class=\"style10\">D\u00e9tenue \u00e0 100% par\u00a0<\/span><strong><span class=\"style10\">elb\u00e9 technologies<\/span><\/strong><span class=\"style10\">, une soci\u00e9t\u00e9 de R&amp;D priv\u00e9e sp\u00e9cialis\u00e9e dans le d\u00e9veloppement de mat\u00e9riaux innovants et\/ou de produits les int\u00e9grant, elb\u00e9 p\u00e9tro\u00a0<\/span><\/span><span><span class=\"style10\">fournit des solutions efficaces et \u00e9conomiques pour r\u00e9duire l\u2019\u00e9vaporation des fluides p\u00e9troliers lors de leur stockage en cuve.<\/span><\/span><\/div>\n<\/div>\n<\/div>\n<\/div>\n<p>[\/et_pb_text][\/et_pb_column][et_pb_column type=\u00a0\u00bb1_2&Prime; _builder_version=\u00a0\u00bb3.25&Prime; custom_padding=\u00a0\u00bb|||\u00a0\u00bb custom_padding__hover=\u00a0\u00bb|||\u00a0\u00bb][et_pb_text _builder_version=\u00a0\u00bb4.9.1&Prime; text_font=\u00a0\u00bbOpen Sans||||||||\u00a0\u00bb text_font_size=\u00a0\u00bb17px\u00a0\u00bb text_line_height=\u00a0\u00bb1.8em\u00a0\u00bb header_font=\u00a0\u00bb||||||||\u00a0\u00bb header_2_font=\u00a0\u00bbJosefin Sans|700|||||||\u00a0\u00bb header_2_font_size=\u00a0\u00bb32px\u00a0\u00bb header_2_line_height=\u00a0\u00bb1.5em\u00a0\u00bb header_3_font=\u00a0\u00bbJosefin Sans|700||on|||||\u00a0\u00bb header_3_text_color=\u00a0\u00bbrgba(43,51,68,0.2)\u00a0\u00bb max_width=\u00a0\u00bb700px\u00a0\u00bb custom_margin=\u00a0\u00bb||30px|\u00a0\u00bb custom_padding=\u00a0\u00bb|||\u00a0\u00bb locked=\u00a0\u00bboff\u00a0\u00bb]<\/p>\n<div class=\"span5\">\n<div class=\"service-box service-page-box\">\n<div class=\"service-box_body\">\n<h2 class=\"title\">Membre du GEP AFTP<\/h2>\n<div class=\"service-box_txt\"><span><span class=\"style10\">elb\u00e9 p\u00e9tro\u00a0est membre du Groupement des Entreprises et des Professionels des Hydrocarbures et des Energies connexes (<a title=\"GEP-AFTP\" href=\"http:\/\/www.aftp.net\/\">GEP-AFTP<\/a>).<\/span><\/span><\/div>\n<\/div>\n<\/div>\n<\/div>\n<p>[\/et_pb_text][\/et_pb_column][\/et_pb_row][et_pb_row column_structure=\u00a0\u00bb1_2,1_2&Prime; _builder_version=\u00a0\u00bb3.25&Prime; locked=\u00a0\u00bboff\u00a0\u00bb][et_pb_column type=\u00a0\u00bb1_2&Prime; _builder_version=\u00a0\u00bb3.25&Prime; custom_padding=\u00a0\u00bb|||\u00a0\u00bb custom_padding__hover=\u00a0\u00bb|||\u00a0\u00bb][et_pb_text _builder_version=\u00a0\u00bb4.9.1&Prime; text_font=\u00a0\u00bbOpen Sans||||||||\u00a0\u00bb text_font_size=\u00a0\u00bb17px\u00a0\u00bb text_line_height=\u00a0\u00bb1.8em\u00a0\u00bb header_font=\u00a0\u00bb||||||||\u00a0\u00bb header_2_font=\u00a0\u00bbJosefin Sans|700|||||||\u00a0\u00bb header_2_font_size=\u00a0\u00bb32px\u00a0\u00bb header_2_line_height=\u00a0\u00bb1.5em\u00a0\u00bb header_3_font=\u00a0\u00bbJosefin Sans|700||on|||||\u00a0\u00bb header_3_text_color=\u00a0\u00bbrgba(43,51,68,0.2)\u00a0\u00bb max_width=\u00a0\u00bb700px\u00a0\u00bb custom_margin=\u00a0\u00bb||30px|\u00a0\u00bb custom_padding=\u00a0\u00bb|||\u00a0\u00bb locked=\u00a0\u00bboff\u00a0\u00bb]<\/p>\n<div class=\"span5\">\n<div class=\"service-box service-page-box\">\n<div class=\"service-box_body\">\n<h2 class=\"title\">Les march\u00e9s d\u2019elb\u00e9 petro<\/h2>\n<div class=\"service-box_txt\"><span><span class=\"style10\">Alternative id\u00e9ale\u00a0aux \u00e9crans flottants monoblocs conventionnels, les flotteurs intelligents ERIS -Evaporation Reduction Intelligent System-\u00a0sont particuli\u00e8rement adapt\u00e9s :<\/span><\/span><\/div>\n<ul>\n<li class=\"service-box_txt\">chez les exploitants de cuves soucieux d\u2019optimiser leurs performances \u00e9conomiques et environnementales<\/li>\n<li class=\"service-box_txt\">chez les constructeurs de cuves\u00a0souhaitant proposer des produits optimis\u00e9s \u00e0 leurs clients<\/li>\n<\/ul>\n<\/div>\n<\/div>\n<\/div>\n<p>[\/et_pb_text][\/et_pb_column][et_pb_column type=\u00a0\u00bb1_2&Prime; _builder_version=\u00a0\u00bb3.25&Prime; custom_padding=\u00a0\u00bb|||\u00a0\u00bb custom_padding__hover=\u00a0\u00bb|||\u00a0\u00bb][et_pb_text _builder_version=\u00a0\u00bb4.9.1&Prime; text_font=\u00a0\u00bbOpen Sans||||||||\u00a0\u00bb text_font_size=\u00a0\u00bb17px\u00a0\u00bb text_line_height=\u00a0\u00bb1.8em\u00a0\u00bb header_font=\u00a0\u00bb||||||||\u00a0\u00bb header_2_font=\u00a0\u00bbJosefin Sans|700|||||||\u00a0\u00bb header_2_font_size=\u00a0\u00bb32px\u00a0\u00bb header_2_line_height=\u00a0\u00bb1.5em\u00a0\u00bb header_3_font=\u00a0\u00bbJosefin Sans|700||on|||||\u00a0\u00bb header_3_text_color=\u00a0\u00bbrgba(43,51,68,0.2)\u00a0\u00bb max_width=\u00a0\u00bb700px\u00a0\u00bb custom_margin=\u00a0\u00bb||30px|\u00a0\u00bb custom_padding=\u00a0\u00bb|||\u00a0\u00bb locked=\u00a0\u00bboff\u00a0\u00bb]<\/p>\n<div class=\"span5\">\n<div class=\"service-box service-page-box\">\n<div class=\"service-box_body\">\n<h2 class=\"title\">Distinction<\/h2>\n<div class=\"service-box_txt\" style=\"text-align: right;\"><span><span class=\"style10\"><br \/><img loading=\"lazy\" decoding=\"async\" src=\"http:\/\/elbe-petro.com\/wp-content\/uploads\/2021\/03\/trophee-elbepetro-detoure-141x300.png\" width=\"78\" height=\"166\" alt=\"\" class=\"wp-image-85 alignnone size-medium\" style=\"float: left;\" srcset=\"https:\/\/elbe-petro.com\/wp-content\/uploads\/2021\/03\/trophee-elbepetro-detoure-141x300.png 141w, https:\/\/elbe-petro.com\/wp-content\/uploads\/2021\/03\/trophee-elbepetro-detoure.png 298w\" sizes=\"(max-width: 78px) 100vw, 78px\" \/><\/span><\/span><\/div>\n<div class=\"service-box_txt\" style=\"padding-left: 40px;\"><span><span class=\"style10\">La gamme ERIS concue et d\u00e9velopp\u00e9e par elb\u00e9 petro a<\/span><\/span><\/div>\n<div class=\"service-box_txt\" style=\"padding-left: 40px;\"><span><span class=\"style10\">remport\u00e9 le 1er prix de l\u2019innovation GEP AFTP\u00a0<\/span><\/span>des industries p\u00e9troli\u00e8res distinguant l\u2019apport\u00a0d\u2019une PME-PMI aux performances de l\u2019industrie fran\u00e7aise de l\u2019\u00e9nergie.<\/div>\n<p>&nbsp;<\/p>\n<\/div>\n<\/div>\n<\/div>\n<p>[\/et_pb_text][\/et_pb_column][\/et_pb_row][et_pb_row _builder_version=\u00a0\u00bb4.9.1&Prime; _module_preset=\u00a0\u00bbdefault\u00a0\u00bb][et_pb_column _builder_version=\u00a0\u00bb4.9.1&Prime; _module_preset=\u00a0\u00bbdefault\u00a0\u00bb type=\u00a0\u00bb4_4&Prime;][et_pb_image src=\u00a0\u00bbhttp:\/\/elbe-petro.com\/wp-content\/uploads\/2021\/03\/image001.png\u00a0\u00bb _builder_version=\u00a0\u00bb4.9.1&Prime; _module_preset=\u00a0\u00bbdefault\u00a0\u00bb title_text=\u00a0\u00bbimage001&Prime; url=\u00a0\u00bbhttps:\/\/solarimpulse.com\/efficient-solutions\/eris-evaporation-reduction-intelligent-system\u00a0\u00bb hover_enabled=\u00a0\u00bb0&Prime; sticky_enabled=\u00a0\u00bb0&Prime; align=\u00a0\u00bbcenter\u00a0\u00bb width=\u00a0\u00bb21%\u00a0\u00bb][\/et_pb_image][\/et_pb_column][\/et_pb_row][\/et_pb_section][et_pb_section fb_built=\u00a0\u00bb1&Prime; custom_padding_last_edited=\u00a0\u00bboff|desktop\u00a0\u00bb admin_label=\u00a0\u00bbInstructions\u00a0\u00bb _builder_version=\u00a0\u00bb3.22&Prime; custom_margin=\u00a0\u00bb-33px||-15px|||\u00a0\u00bb custom_padding=\u00a0\u00bb|||\u00a0\u00bb custom_padding_phone=\u00a0\u00bb100px||100px|\u00a0\u00bb locked=\u00a0\u00bboff\u00a0\u00bb][et_pb_row column_structure=\u00a0\u00bb1_2,1_2&Prime; custom_padding_last_edited=\u00a0\u00bboff|desktop\u00a0\u00bb _builder_version=\u00a0\u00bb3.25&Prime; custom_padding=\u00a0\u00bb|||\u00a0\u00bb custom_padding_phone=\u00a0\u00bb||20px|\u00a0\u00bb][et_pb_column type=\u00a0\u00bb1_2&Prime; _builder_version=\u00a0\u00bb3.25&Prime; custom_padding=\u00a0\u00bb|||\u00a0\u00bb custom_padding__hover=\u00a0\u00bb|||\u00a0\u00bb][et_pb_text _builder_version=\u00a0\u00bb4.9.1&Prime; text_font=\u00a0\u00bbOpen Sans||||||||\u00a0\u00bb text_font_size=\u00a0\u00bb18px\u00a0\u00bb text_line_height=\u00a0\u00bb1.8em\u00a0\u00bb header_font=\u00a0\u00bb||||||||\u00a0\u00bb header_2_font=\u00a0\u00bbJosefin Sans|700|||||||\u00a0\u00bb header_2_font_size=\u00a0\u00bb32px\u00a0\u00bb header_2_line_height=\u00a0\u00bb1.5em\u00a0\u00bb header_3_font=\u00a0\u00bbJosefin Sans|700||on|||||\u00a0\u00bb header_3_text_color=\u00a0\u00bbrgba(43,51,68,0.2)\u00a0\u00bb max_width=\u00a0\u00bb700px\u00a0\u00bb custom_margin=\u00a0\u00bb||30px|\u00a0\u00bb custom_padding=\u00a0\u00bb|||\u00a0\u00bb locked=\u00a0\u00bboff\u00a0\u00bb]<\/p>\n<h2>Elb\u00e9 petro inspir\u00e9e par la nature<\/h2>\n<div class=\"row\">\n<div class=\"span5\">\n<div class=\"service-box service-page-box\">\n<figure><\/figure>\n<div class=\"service-box_body\">\n<h4 class=\"title\">Eris, la performance d\u2019un biomim\u00e9tisme<span><span class=\"style10\"><br \/><\/span><\/span><\/h4>\n<div class=\"service-box_txt\">\n<blockquote>\n<p><em>Les lentilles d\u2019eau s\u2019\u00e9cartent au passage d\u2019une barque et reprennent leur position id\u00e9ale, refermant le plan d\u2019eau. J\u2019ai eu l\u2019id\u00e9e d\u2019imiter cette facult\u00e9 d\u2019adaptation en mettant au point un syst\u00e8me d\u2019\u00e9cran compos\u00e9 de flotteurs ind\u00e9pendants, qui se positionnent \u00e0 la surface d\u2019un r\u00e9servoir en une couche continue.<\/em><\/p>\n<p>Laurent B\u00e9del, dirigeant fondateur d\u2019elb\u00e9 petro<\/p>\n<\/blockquote>\n<\/div>\n<\/div>\n<\/div>\n<\/div>\n<\/div>\n<p>[\/et_pb_text][\/et_pb_column][et_pb_column type=\u00a0\u00bb1_2&Prime; _builder_version=\u00a0\u00bb3.25&Prime; custom_padding=\u00a0\u00bb|||\u00a0\u00bb custom_padding__hover=\u00a0\u00bb|||\u00a0\u00bb][et_pb_text _builder_version=\u00a0\u00bb4.9.1&Prime; text_font=\u00a0\u00bbOpen Sans||||||||\u00a0\u00bb text_font_size=\u00a0\u00bb18px\u00a0\u00bb text_line_height=\u00a0\u00bb1.8em\u00a0\u00bb header_font=\u00a0\u00bb||||||||\u00a0\u00bb header_2_font=\u00a0\u00bbJosefin Sans|700|||||||\u00a0\u00bb header_2_font_size=\u00a0\u00bb32px\u00a0\u00bb header_2_line_height=\u00a0\u00bb1.5em\u00a0\u00bb header_3_font=\u00a0\u00bbJosefin Sans|700||on|||||\u00a0\u00bb header_3_text_color=\u00a0\u00bbrgba(43,51,68,0.2)\u00a0\u00bb max_width=\u00a0\u00bb700px\u00a0\u00bb custom_margin=\u00a0\u00bb||30px|\u00a0\u00bb custom_padding=\u00a0\u00bb|||\u00a0\u00bb locked=\u00a0\u00bboff\u00a0\u00bb]<\/p>\n<h2 class=\"title\">Elb\u00e9 petro dans la presse<\/h2>\n<p><img loading=\"lazy\" decoding=\"async\" src=\"http:\/\/elbe-petro.com\/wp-content\/uploads\/2021\/03\/elbe-petro-dans-la-presse-les-echos-300x203-1.png\" width=\"300\" height=\"203\" alt=\"\" class=\"wp-image-88 alignnone size-full\" \/><\/p>\n<p>[\/et_pb_text][\/et_pb_column][\/et_pb_row][et_pb_row _builder_version=\u00a0\u00bb4.9.1&Prime; _module_preset=\u00a0\u00bbdefault\u00a0\u00bb custom_padding=\u00a0\u00bb||0px|||\u00a0\u00bb][et_pb_column type=\u00a0\u00bb4_4&Prime; _builder_version=\u00a0\u00bb4.9.1&Prime; _module_preset=\u00a0\u00bbdefault\u00a0\u00bb][et_pb_text _builder_version=\u00a0\u00bb4.9.1&Prime; _module_preset=\u00a0\u00bbdefault\u00a0\u00bb]<\/p>\n<h2 style=\"text-align: center;\">Aper\u00e7u des applications industrielles\u00a0de la gamme ERIS<\/h2>\n<p>[\/et_pb_text][\/et_pb_column][\/et_pb_row][\/et_pb_section][et_pb_section fb_built=\u00a0\u00bb1&Prime; custom_padding_last_edited=\u00a0\u00bboff|desktop\u00a0\u00bb admin_label=\u00a0\u00bbServices\u00a0\u00bb _builder_version=\u00a0\u00bb3.22&Prime; custom_padding=\u00a0\u00bb0px|||||\u00a0\u00bb][et_pb_row column_structure=\u00a0\u00bb1_4,1_4,1_4,1_4&Prime; use_custom_gutter=\u00a0\u00bbon\u00a0\u00bb gutter_width=\u00a0\u00bb2&Prime; _builder_version=\u00a0\u00bb3.25&Prime; max_width=\u00a0\u00bb1440px\u00a0\u00bb use_custom_width=\u00a0\u00bbon\u00a0\u00bb custom_width_px=\u00a0\u00bb1440px\u00a0\u00bb][et_pb_column type=\u00a0\u00bb1_4&Prime; _builder_version=\u00a0\u00bb3.25&Prime; custom_padding=\u00a0\u00bb|||\u00a0\u00bb custom_padding__hover=\u00a0\u00bb|||\u00a0\u00bb][et_pb_text _builder_version=\u00a0\u00bb4.9.1&Prime; _module_preset=\u00a0\u00bbdefault\u00a0\u00bb]<\/p>\n<h2 class=\"title\"><img loading=\"lazy\" decoding=\"async\" src=\"http:\/\/elbe-petro.com\/wp-content\/uploads\/2021\/03\/phnatu-pay-012-071_A5-071.png\" width=\"101\" height=\"52\" alt=\"\" class=\"wp-image-91 alignnone size-full\" \/><\/h2>\n<h2 class=\"title\">La gamme de flotteurs ERIS<\/h2>\n<div class=\"service-box_txt\">Pr\u00e9vention des pertes par \u00e9vaporation des fluides volatils.<\/div>\n<div class=\"service-box_txt\"><\/div>\n<p>[\/et_pb_text][\/et_pb_column][et_pb_column type=\u00a0\u00bb1_4&Prime; _builder_version=\u00a0\u00bb4.9.1&Prime; _module_preset=\u00a0\u00bbdefault\u00a0\u00bb][et_pb_text _builder_version=\u00a0\u00bb4.9.1&Prime; _module_preset=\u00a0\u00bbdefault\u00a0\u00bb]<\/p>\n<h2 class=\"title\"><img loading=\"lazy\" decoding=\"async\" src=\"http:\/\/elbe-petro.com\/wp-content\/uploads\/2021\/03\/phnatu-pay-012-071_A5-081.png\" width=\"101\" height=\"52\" alt=\"\" class=\"wp-image-92 alignnone size-full\" \/><\/h2>\n<h2 class=\"title\">ERIS pour l\u2019industrie de la chimie<\/h2>\n<div class=\"service-box_txt\">D\u00e9di\u00e9es aux acides, bases, aldehydes, ERIS chem est compatible ATEX<\/div>\n<div class=\"service-box_txt\"><\/div>\n<p>[\/et_pb_text][\/et_pb_column][et_pb_column type=\u00a0\u00bb1_4&Prime; _builder_version=\u00a0\u00bb4.9.1&Prime; _module_preset=\u00a0\u00bbdefault\u00a0\u00bb][et_pb_text _builder_version=\u00a0\u00bb4.9.1&Prime; _module_preset=\u00a0\u00bbdefault\u00a0\u00bb]<\/p>\n<h2 class=\"title\"><img loading=\"lazy\" decoding=\"async\" src=\"http:\/\/elbe-petro.com\/wp-content\/uploads\/2021\/03\/phnatu-pay-012-071_A5-101.png\" width=\"101\" height=\"52\" alt=\"\" class=\"wp-image-94 alignnone size-full\" \/><\/h2>\n<h2 class=\"title\">ERIS pour l\u2019industrie du p\u00e9trole et d\u00e9riv\u00e9s<\/h2>\n<div class=\"service-box_txt\">D\u00e9di\u00e9es aux hydrocarbures, carburants, solvants, aromatiques\u2026, ERIS petro est compatible ATEX<\/div>\n<p>[\/et_pb_text][\/et_pb_column][et_pb_column type=\u00a0\u00bb1_4&Prime; _builder_version=\u00a0\u00bb3.25&Prime; custom_padding=\u00a0\u00bb|||\u00a0\u00bb custom_padding__hover=\u00a0\u00bb|||\u00a0\u00bb][et_pb_text _builder_version=\u00a0\u00bb4.9.1&Prime; _module_preset=\u00a0\u00bbdefault\u00a0\u00bb]<\/p>\n<h2 class=\"title\"><img loading=\"lazy\" decoding=\"async\" src=\"http:\/\/elbe-petro.com\/wp-content\/uploads\/2021\/03\/phnatu-pay-012-071_A5-091.png\" width=\"101\" height=\"52\" alt=\"\" class=\"wp-image-93 alignnone size-full\" \/><\/h2>\n<h2 class=\"title\">ERIS pour l\u2019industrie agro-alimentaire<\/h2>\n<div class=\"service-box_txt\">D\u00e9di\u00e9es aux liquides alimentaires (alcools\u2026), ERIS food est compatible ATEX et FDA (Food and Drug Administration)<\/div>\n<p>[\/et_pb_text][\/et_pb_column][\/et_pb_row][\/et_pb_section]<\/p>\n","protected":false},"excerpt":{"rendered":"<p>Qui sommes-nous ? Leader de la r\u00e9duction de l\u2019\u00e9vaporation des fluides stock\u00e9s en cuve Filiale d\u2019elb\u00e9 technologies D\u00e9tenue \u00e0 100% par\u00a0elb\u00e9 technologies, une soci\u00e9t\u00e9 de R&amp;D priv\u00e9e sp\u00e9cialis\u00e9e dans le d\u00e9veloppement de mat\u00e9riaux innovants et\/ou de produits les int\u00e9grant, elb\u00e9 p\u00e9tro\u00a0fournit des solutions efficaces et \u00e9conomiques pour r\u00e9duire l\u2019\u00e9vaporation des fluides p\u00e9troliers lors de leur [&hellip;]<\/p>\n","protected":false},"author":1,"featured_media":0,"parent":0,"menu_order":0,"comment_status":"closed","ping_status":"open","template":"","meta":{"_et_pb_use_builder":"on","_et_pb_old_content":"","_et_gb_content_width":"","cybocfi_hide_featured_image":"","footnotes":""},"class_list":["post-39","page","type-page","status-publish","hentry"],"_links":{"self":[{"href":"https:\/\/elbe-petro.com\/index.php?rest_route=\/wp\/v2\/pages\/39","targetHints":{"allow":["GET"]}}],"collection":[{"href":"https:\/\/elbe-petro.com\/index.php?rest_route=\/wp\/v2\/pages"}],"about":[{"href":"https:\/\/elbe-petro.com\/index.php?rest_route=\/wp\/v2\/types\/page"}],"author":[{"embeddable":true,"href":"https:\/\/elbe-petro.com\/index.php?rest_route=\/wp\/v2\/users\/1"}],"replies":[{"embeddable":true,"href":"https:\/\/elbe-petro.com\/index.php?rest_route=%2Fwp%2Fv2%2Fcomments&post=39"}],"version-history":[{"count":8,"href":"https:\/\/elbe-petro.com\/index.php?rest_route=\/wp\/v2\/pages\/39\/revisions"}],"predecessor-version":[{"id":186,"href":"https:\/\/elbe-petro.com\/index.php?rest_route=\/wp\/v2\/pages\/39\/revisions\/186"}],"wp:attachment":[{"href":"https:\/\/elbe-petro.com\/index.php?rest_route=%2Fwp%2Fv2%2Fmedia&parent=39"}],"curies":[{"name":"wp","href":"https:\/\/api.w.org\/{rel}","templated":true}]}}